e
Let u be (-17)/(1173/(-5313)) + 1 + (-1 - -2). Suppose -j + 2917 - 556 = 0. Suppose -76*x = -u*x + j. Is x prime?
True
Suppose 3*z = -3*m + 6 + 3, -4*z = -m + 13. Suppose -m*t = -755 + 190. Suppose -3*q + q + 226 = b, b = q - t. Is q a prime number?
True
Let f = 250 - 249. Is (((-6)/5)/f)/((-46)/129835) prime?
False
Suppose -35 = -36*a + 37. Suppose -a*c - 3930 = -8*c. Is c prime?
False
Let v be (-2 - 9) + 4/(-2) + -3. Is (-14172)/v + (-1)/(-4) a prime number?
False
Let y(j) = j**3 + 11*j**2 - 9*j + 40. Let x be y(-12). Suppose 4823 = 5*a + x*g, 5*g = a - 4*a + 2886. Is a prime?
True
Suppose 4*q + 5*s - 1087012 = 0, 3*q - 156*s = -154*s + 815259. Is q composite?
False
Suppose -8*x + 7 = 7. Let u be 323150/14 - 40/280. Suppose x = w - 7*w + u. Is w a prime number?
True
Let c = -40094 - -60381. Is c a prime number?
True
Let w = -2342 - -3359. Suppose 0 = 2*v - 69 + w. Let d = 391 - v. Is d a prime number?
False
Suppose -d + 2*k = 22, -9*d + 4*k + 36 = -11*d. Let i = -35483 - -58899. Is 1/5 - i/d composite?
False
Suppose s = b + 70348, 0 = 3*s - b + 79421 - 290471. Is s a composite number?
False
Let w(a) be the first derivative of 2*a**3/3 - a**2/2 - 2*a + 9. Let g be w(-1). Is (g/(-3))/((6/1)/(-14670)) a composite number?
True
Let y be ((1 - 2) + 31)*(-2)/(-5). Let q be 2/3*519*y/(-8). Let z = -198 - q. Is z composite?
True
Let v(f) = -557*f + 6. Let s be v(-3). Suppose -3*d - 4*i = -5*d + 18, -4*d + 4*i + 28 = 0. Suppose -8*b = -d*b - s. Is b a prime number?
False
Suppose -7571 - 1836 = -23*o. Suppose -13*y = o - 15242. Is y a composite number?
True
Let l = 151164 + 359183. Is l a prime number?
False
Let d(m) = -77*m**2 - 4*m + 16. Let a = -61 - -67. Let y be d(a). Let v = y - -4729. Is v composite?
False
Suppose 274 = 60*y - 146. Suppose 0 = y*b - 5900 - 14253. Is b prime?
True
Suppose 21 - 6 = 3*h, -4*h - 1492 = 4*o. Let n = o - -692. Is n a prime number?
False
Let w(z) = -2*z**3 + 2*z + 1657. Let n(f) = -f**3 + 2*f + 1657. Suppose 4*o - 10*o - 12 = 0. Let c(s) = o*w(s) + 3*n(s). Is c(0) a composite number?
False
Let v(o) = 319*o + 64. Let n be v(-6). Let u = n + 2841. Is u a composite number?
False
Suppose 2*p + 2327105 = 22*p + 35*p. Is p a prime number?
False
Let l(n) = -14 - 12 - 9*n + 0*n. Let y be l(-6). Suppose 18*w + 7510 = y*w. Is w prime?
True
Let b be (0/5*(-3)/(-6))/2. Suppose b = 5*s - 3*f - 14044, -3*s + 5620 = -s - 2*f. Is s composite?
True
Let p be 28/5 - (-2 - (-16)/10). Is (p/3 + -1)*(-60895)/(-5) prime?
False
Suppose 5*h + c - 10278 = 0, h = -2*h - c + 6168. Suppose g - 1644 = 4*w, 3*w - 3*g = -2*w - h. Let f = w + 1370. Is f composite?
True
Suppose 5*f - 5*q + 1485 = 0, 114 = 2*f - 5*q + 723. Let l = 925 + f. Is l prime?
False
Let q(x) = -10*x + 23*x + 22 + 60*x - 24. Suppose 302*v - 301*v = 1. Is q(v) a prime number?
True
Suppose -4 = -5*s - 4. Suppose -i = -5*r - 752, 5*r - 3*r + 6 = s. Suppose 0 = 3*x + 8*x - i. Is x a composite number?
False
Suppose -d - 10143759 = -70*d. Is d a composite number?
False
Let l(u) = -u**3 - 15*u**2 + 5*u - 27. Let c be l(-15). Let m be c/(-4) + (-1)/(-2). Let y(d) = 66*d - 31. Is y(m) prime?
False
Suppose 24*s = 21*s - 4*p + 678249, s - 3*p - 226096 = 0. Is s prime?
True
Let o(z) = 132*z**2 - 12*z - 7. Let l = -91 - -59. Let v = l + 27. Is o(v) prime?
False
Suppose 554194 - 2996404 = -3729*f + 3699*f. Is f a composite number?
True
Let x(a) = 5*a - 40. Let w be x(13). Suppose w = 4*d - 3*s, -s - 3 = -0*s. Is ((-6)/d)/(1/(184/(-12))) a composite number?
False
Let c = 5418 + -8049. Let b = c + 8380. Is b a composite number?
False
Suppose -2*u + 3*u = 2*c - 29, 4*u - 105 = -5*c. Let t = -11 + c. Suppose 0 = -t*j + 725 + 3313. Is j a composite number?
False
Let l be (-1 + 0)*(9 - 5) - -8544. Suppose -3*v + 5*r = -l, -4*v + r + 2*r + 11383 = 0. Is v a prime number?
False
Suppose -3*u + 9*j = 4*j + 193, -5*u - 3*j = 265. Is (-5719)/19*(u + 2) + 1 a composite number?
True
Suppose 499*y + 26406878 - 70507999 = 0. Is y prime?
True
Let a(d) = d**2 - 10*d - 21. Let z = -71 - -83. Let p be a(z). Is 1268 + -1*p*5/15 a composite number?
True
Let q(r) be the third derivative of -r**5/60 - r**4/24 + 5779*r**3/6 - 92*r**2. Is q(0) prime?
True
Let x(c) = -6*c**3 - 4*c - 3. Let j be x(-1). Suppose j*i = 6*i + 2251. Is i prime?
True
Suppose -3*o - 4*t + 14243 = 0, t = 52*o - 51*o - 4736. Is o a composite number?
True
Let t(r) = -3*r - 13. Let m be t(-5). Suppose 0 = k + m*k - 282. Suppose 0 = 4*x - k - 30. Is x composite?
False
Let m = 30771 - -263674. Is m prime?
False
Suppose n + 3043 = 8*d - 11*d, 3*d = -2*n - 6083. Let q = -5238 - n. Is (2/4)/((-7)/q) prime?
True
Suppose 0 = -21*a + 44*a - 1565449. Is a a prime number?
False
Let u = -176072 + 334201. Is u a composite number?
False
Let l = -566 + -373. Let r = 1388 + l. Is r prime?
True
Suppose 4*y = h - y + 25, 25 = -3*h + 5*y. Suppose 3*s - 908 = 1447. Suppose -5*z + s = -h*z. Is z composite?
False
Suppose -r - 5 = -s, -6*r = s - 3*r - 9. Let j(f) = 2 + 0 + 3 + 3*f**2 - s - 8*f. Is j(-6) a prime number?
False
Let h(p) = 11*p**2 - 4*p - 25. Let r be h(14). Suppose 5*w - 5*b = r, -w - b = -0*w - 423. Is w prime?
True
Suppose 40093 = 6*z + 2227. Suppose 8*d - z = 8257. Is d a composite number?
True
Suppose -m + 119*h + 351484 = 118*h, -3*h = -2*m + 702973. Is m prime?
True
Is (-3 + 1522134/45)*5 composite?
False
Suppose 3*o = -9667 + 38296. Is o composite?
True
Let g(r) = 825*r**2 + 60*r - 291. Is g(6) a composite number?
True
Let f be 27706/(-2 - 0) + -3 + -1. Let k = f + 26372. Is k composite?
True
Suppose -v = 4*t - 35527, -2*t + v = -6629 - 11130. Is t prime?
False
Let w(i) = -77*i**3 - 2*i**2 - 6*i - 10. Suppose -10 = 2*x - m, -2*x + 5*m = -5 - 1. Let b be w(x). Suppose 17*o = 12*o + b. Is o a prime number?
False
Let g(l) = 707*l - 362. Suppose -8*x + 63*x = 495. Is g(x) a composite number?
True
Suppose -c - 4*c = -50. Let j be (-6)/c - (-2 - 211038/30). Is 2*j/8*1 composite?
False
Suppose 54055 = 4*n + c, 34249 + 33323 = 5*n - 2*c. Let h = n + -7533. Is h a prime number?
True
Let a(i) = -30*i - 148. Let x be a(-5). Is (8143/68)/(x/8) a prime number?
True
Is 10/(-20)*-1 - -367673*(-10)/(-4) composite?
False
Let m(j) = -11*j + 268. Let q be m(22). Suppose q*y = 48624 + 58262. Is y prime?
True
Let n(q) be the third derivative of q**4/12 + 151*q**3/6 + 3*q**2 + 5. Is n(34) composite?
True
Let u(l) = -l**2 + 20*l - 109. Let t be u(9). Is (t*2259/18)/(-1) prime?
False
Suppose 27*j + 14 = 41*j. Is -111*(-296)/24*j composite?
True
Let v(r) = 17*r + 4. Let i be v(-5). Let o = i + 78. Is 317/o*(3 + 0)*-1 composite?
False
Suppose -31*h - 10536 = -19*h. Let p = h - -1183. Is p composite?
True
Suppose 2*i - 7*i + 104050 = 0. Suppose -i = -5*c - 95. Suppose 0 = 15*l - 12*l - c. Is l a prime number?
True
Suppose -30006368 = 227*z - 451*z. Is z composite?
True
Let n(k) = -314*k**3 - 5*k**2 + k - 7. Let o(y) = 627*y**3 + 12*y**2 - 4*y + 15. Let w(t) = -5*n(t) - 2*o(t). Is w(4) a composite number?
True
Let k be (-8)/((-1)/(-5) - 36/30). Suppose 11802 = k*i + 3026. Is i a prime number?
True
Is (2 + (-36261 - 0))*-3*(-3)/(-9) a composite number?
True
Let o(g) = 96*g**2 + 144079. Is o(0) composite?
True
Let k = 9014 - -33440. Suppose -5*y = v - k, y + v = 4351 + 4139. Is y prime?
False
Let c(i) = -13*i - 51. Let n be c(13). Let w be n/(-25) + (-1 - 6/(-5)). Is (-1 - (-12)/w)*4899 a composite number?
True
Suppose 2*a - 4*y = -2*y - 38402, -4*a + 5*y - 76808 = 0. Let m = a + 33223. Is m a prime number?
False
Suppose 5*y - d + 50 = 0, -3*d + 60 = -2*y - 3*y. Let k be 2/y*-219 - 42/63. Suppose 11*w + k = 3601. Is w a prime number?
False
Let s(f) = 4965*f**3 - 4*f**2 - 7*f - 3. Is s(4) prime?
False
Suppose b - 24467 = 6937. Suppose 16*n - 8644 = b. Is n a composite number?
False
Suppose s + 14843 = -0*a - 3*a, -2*a + 2*s = 9882. Let w = -9 - a. Is w a prime number?
True
Suppose -3 = z - 4*w + 3, 3*w = 6. Let t(c) = 5 + 8*c**2 + 11*c**2 + 4*c - 2*c + 3*c**z. Is t(-8) a prime number?
False
Let y(h) = -243*h + 19. Suppose -71*r = -70*r. Let x be -2 + -2*(r + 1). Is y(x) composite?
False
Let a = 2084 + 336. Suppose j - 809 = -3*h + 408, 0 = 2*j - h - a. Is j a prime number?
False
Let w(n) = -2*n**2 + 13*n + 3*n**2 + 3 + 6 - 3*n**2. Let k(r) = 2*r**2 - 13*r - 8. Let f(m) = -